{"id":82,"date":"2024-03-28T23:38:12","date_gmt":"2024-03-28T20:38:12","guid":{"rendered":"https:\/\/safirdemo.com\/atolye\/hakkimizda\/"},"modified":"2024-03-28T23:39:40","modified_gmt":"2024-03-28T20:39:40","slug":"hakkimizda","status":"publish","type":"page","link":"https:\/\/www.genomis.com.tr\/?page_id=82","title":{"rendered":"Hakk\u0131m\u0131zda"},"content":{"rendered":"\n<figure class=\"wp-block-image size-full\"><img loading=\"lazy\" decoding=\"async\" width=\"800\" height=\"173\" src=\"http:\/\/www.genomis.com.tr\/wp-content\/uploads\/2024\/03\/logo.png\" alt=\"\" class=\"wp-image-430\" srcset=\"https:\/\/www.genomis.com.tr\/wp-content\/uploads\/2024\/03\/logo.png 800w, https:\/\/www.genomis.com.tr\/wp-content\/uploads\/2024\/03\/logo-300x65.png 300w, https:\/\/www.genomis.com.tr\/wp-content\/uploads\/2024\/03\/logo-768x166.png 768w\" sizes=\"(max-width: 800px) 100vw, 800px\" \/><\/figure>\n\n\n\n<p>Firma temellerimiz 2012 y\u0131l\u0131nda at\u0131lm\u0131\u015ft\u0131r. Tar\u0131m alanlar\u0131nda bitki besleme \u00fcr\u00fcnlerinin \u00fcretilmesi, tan\u0131t\u0131lmas\u0131, kullan\u0131lmas\u0131 ve m\u00fchendislik hizmetinin verilmesi amac\u0131yla \u0130zmir&#8217;de kurulmu\u015ftur. Genomis Chemical yeniliklere a\u00e7\u0131k Ar-Ge \u00e7al\u0131\u015fmalar\u0131yla ilerleyen arazide teknik ve uygulama e\u011fitimi veren \u00f6zel \u00fcr\u00fcnler \u00fcreten ve \u00fcr\u00fcnlerin arazi performans\u0131 ile a\u00e7\u0131k ara fark yaratan y\u00fcksek teknolojili bitki besleme \u00fcr\u00fcnleri form\u00fclize edip \u00fcretmektedir. \u00dcretimde s\u00fcreklilik ve kalite istikrar\u0131 politikam\u0131zla verim ve kaliteyi artt\u0131rman\u0131n yan\u0131nda distrib\u00fct\u00f6r, bayi ve \u00e7ift\u00e7ilere katk\u0131 sa\u011flayarak 30 ki\u015filik ekiple \u00fcretim pazarlama ve lojistik olarak hizmet sunmaktad\u0131r.<\/p>\n\n\n\n<figure class=\"wp-block-image size-full\"><img loading=\"lazy\" decoding=\"async\" width=\"836\" height=\"594\" src=\"http:\/\/www.genomis.com.tr\/wp-content\/uploads\/2024\/03\/hakkimizda.jpg\" alt=\"\" class=\"wp-image-515\" srcset=\"https:\/\/www.genomis.com.tr\/wp-content\/uploads\/2024\/03\/hakkimizda.jpg 836w, https:\/\/www.genomis.com.tr\/wp-content\/uploads\/2024\/03\/hakkimizda-300x213.jpg 300w, https:\/\/www.genomis.com.tr\/wp-content\/uploads\/2024\/03\/hakkimizda-768x546.jpg 768w\" sizes=\"(max-width: 836px) 100vw, 836px\" \/><\/figure>\n\n\n\n<div class=\"wp-block-columns is-layout-flex wp-container-core-columns-layout-1 wp-block-columns-is-layout-flex\">\n<div class=\"wp-block-column is-layout-flow wp-block-column-is-layout-flow\">\n<div class=\"wp-block-safirtema-mainheading singleHeading mainHeading\"><div class=\"inner\"><div class=\"icon safiricon\"><svg class=\"safiricon-lamba\"><use href=\"#safiricon-lamba\"><\/use><\/svg><\/div><div class=\"text\">Misyonumuz<\/div><\/div><\/div>\n\n\n\n<p>Buraya Misyon eklenecektir<\/p>\n<\/div>\n\n\n\n<div class=\"wp-block-column is-layout-flow wp-block-column-is-layout-flow\">\n<div class=\"wp-block-safirtema-mainheading singleHeading mainHeading\"><div class=\"inner\"><div class=\"icon safiricon\"><svg class=\"safiricon-ekip\"><use href=\"#safiricon-ekip\"><\/use><\/svg><\/div><div class=\"text\">Vizyonumuz<\/div><\/div><\/div>\n\n\n\n<p>Buraya Vizyon Eklenecektir<\/p>\n<\/div>\n<\/div>\n","protected":false},"excerpt":{"rendered":"<p>Firma temellerimiz 2012 y\u0131l\u0131nda at\u0131lm\u0131\u015ft\u0131r. Tar\u0131m alanlar\u0131nda bitki besleme \u00fcr\u00fcnlerinin \u00fcretilmesi, tan\u0131t\u0131lmas\u0131, kullan\u0131lmas\u0131 ve m\u00fchendislik hizmetinin verilmesi amac\u0131yla \u0130zmir&#8217;de kurulmu\u015ftur. Genomis Chemical yeniliklere a\u00e7\u0131k Ar-Ge \u00e7al\u0131\u015fmalar\u0131yla ilerleyen arazide teknik ve uygulama e\u011fitimi veren \u00f6zel \u00fcr\u00fcnler \u00fcreten ve \u00fcr\u00fcnlerin arazi performans\u0131 ile a\u00e7\u0131k ara fark yaratan y\u00fcksek teknolojili bitki besleme \u00fcr\u00fcnleri form\u00fclize edip \u00fcretmektedir. \u00dcretimde s\u00fcreklilik [&hellip;]<\/p>\n","protected":false},"author":1,"featured_media":460,"parent":0,"menu_order":0,"comment_status":"closed","ping_status":"closed","template":"","meta":{"footnotes":""},"_links":{"self":[{"href":"https:\/\/www.genomis.com.tr\/index.php?rest_route=\/wp\/v2\/pages\/82"}],"collection":[{"href":"https:\/\/www.genomis.com.tr\/index.php?rest_route=\/wp\/v2\/pages"}],"about":[{"href":"https:\/\/www.genomis.com.tr\/index.php?rest_route=\/wp\/v2\/types\/page"}],"author":[{"embeddable":true,"href":"https:\/\/www.genomis.com.tr\/index.php?rest_route=\/wp\/v2\/users\/1"}],"replies":[{"embeddable":true,"href":"https:\/\/www.genomis.com.tr\/index.php?rest_route=%2Fwp%2Fv2%2Fcomments&post=82"}],"version-history":[{"count":12,"href":"https:\/\/www.genomis.com.tr\/index.php?rest_route=\/wp\/v2\/pages\/82\/revisions"}],"predecessor-version":[{"id":517,"href":"https:\/\/www.genomis.com.tr\/index.php?rest_route=\/wp\/v2\/pages\/82\/revisions\/517"}],"wp:featuredmedia":[{"embeddable":true,"href":"https:\/\/www.genomis.com.tr\/index.php?rest_route=\/wp\/v2\/media\/460"}],"wp:attachment":[{"href":"https:\/\/www.genomis.com.tr\/index.php?rest_route=%2Fwp%2Fv2%2Fmedia&parent=82"}],"curies":[{"name":"wp","href":"https:\/\/api.w.org\/{rel}","templated":true}]}}